{"id":430,"date":"2025-12-17T14:34:22","date_gmt":"2025-12-17T13:34:22","guid":{"rendered":"https:\/\/espaidelestudi.com\/?page_id=430"},"modified":"2026-02-04T20:34:53","modified_gmt":"2026-02-04T19:34:53","slug":"politica-de-privacidad","status":"publish","type":"page","link":"https:\/\/espaidelestudi.com\/es\/politica-de-privacidad\/","title":{"rendered":"Pol\u00edtica de Privacidad"},"content":{"rendered":"\t\t<div data-elementor-type=\"wp-page\" data-elementor-id=\"430\" class=\"elementor elementor-430 elementor-113\" data-elementor-post-type=\"page\">\n\t\t\t\t<div class=\"elementor-element elementor-element-917ec05 e-flex e-con-boxed e-con e-parent\" data-id=\"917ec05\" data-element_type=\"container\" data-e-type=\"container\" data-settings=\"{&quot;background_background&quot;:&quot;classic&quot;,&quot;shape_divider_bottom&quot;:&quot;split&quot;}\">\n\t\t\t\t\t<div class=\"e-con-inner\">\n\t\t\t\t<div class=\"elementor-shape elementor-shape-bottom\" aria-hidden=\"true\" data-negative=\"false\">\n\t\t\t<svg xmlns=\"http:\/\/www.w3.org\/2000\/svg\" viewBox=\"0 0 1000 20\" preserveAspectRatio=\"none\">\n\t<path class=\"elementor-shape-fill\" d=\"M0,0v3c0,0,393.8,0,483.4,0c9.2,0,16.6,7.4,16.6,16.6c0-9.1,7.4-16.6,16.6-16.6C606.2,3,1000,3,1000,3V0H0z\"\/>\n<\/svg>\t\t<\/div>\n\t\t\t\t<div class=\"elementor-element elementor-element-3b130e2 elementor-widget-mobile__width-inherit elementor-widget elementor-widget-heading\" data-id=\"3b130e2\" data-element_type=\"widget\" data-e-type=\"widget\" data-widget_type=\"heading.default\">\n\t\t\t\t<div class=\"elementor-widget-container\">\n\t\t\t\t\t<h2 class=\"elementor-heading-title elementor-size-default\">Pol\u00edtica de Privacidad<\/h2>\t\t\t\t<\/div>\n\t\t\t\t<\/div>\n\t\t\t\t\t<\/div>\n\t\t\t\t<\/div>\n\t\t<div class=\"elementor-element elementor-element-ac92521 e-flex e-con-boxed e-con e-parent\" data-id=\"ac92521\" data-element_type=\"container\" data-e-type=\"container\">\n\t\t\t\t\t<div class=\"e-con-inner\">\n\t\t\t\t<div class=\"elementor-element elementor-element-138c4cf elementor-widget elementor-widget-text-editor\" data-id=\"138c4cf\" data-element_type=\"widget\" data-e-type=\"widget\" data-widget_type=\"text-editor.default\">\n\t\t\t\t<div class=\"elementor-widget-container\">\n\t\t\t\t\t\t\t\t\t<h2>Pol\u00edtica de privacidad<\/h2><p class=\"p1\"><span class=\"s1\">Seg\u00fan lo que establece el RGPD (Reglamento (UE) 2016\/679), les proporcionamos la Informaci\u00f3n detallada de Protecci\u00f3n de Datos que se expone a continuaci\u00f3n:<\/span><\/p><p class=\"p2\"><span class=\"s1\"><strong>Responsable:<\/strong><\/span><\/p><p class=\"p3\"><span class=\"s1\"> Raz\u00f3n Social: Espai de l\u2019estudi formaci\u00f3n S.L.<\/span><\/p><p class=\"p3\"><span class=\"s1\"> C.I.F.: B65431561<\/span><\/p><p class=\"p3\"><span class=\"s1\"> Direcci\u00f3n: <a href=\"https:\/\/g.page\/espai-de-l-estudi?share\"><span style=\"color: #008080;\">Carrer de l\u2019Or, 31. 08012 Barcelona<\/span><\/a><\/span><\/p><p class=\"p3\"><span class=\"s1\"> tel\u00e9fono: <a href=\"http:\/\/935 044 495\"><span style=\"color: #008080;\">935 044 495<\/span><\/a><\/span><\/p><p class=\"p4\"><span class=\"s1\"> Correo Electr\u00f3nico: <span id=\"correuEnc_4e1b51b1f23cfca480848\"><a href=\"mailto:info@espaidelestudi.com\"><span style=\"color: #008080;\">info@espaidelestudi.com<\/span><\/a><\/span><\/span><\/p><p class=\"p2\"><span class=\"s1\"><strong>Finalidad:<\/strong><\/span><\/p><p class=\"p1\"><span class=\"s1\">Le informamos que los datos de car\u00e1cter personal recogidos, ser\u00e1n incorporados a un fichero bajo nuestra responsabilidad, con la finalidad de gestionar el env\u00edo de la informaci\u00f3n que nos soliciten y facilitar a los interesados ofertas de servicios de su inter\u00e9s. Los datos proporcionados se conservar\u00e1n mientras se mantenga la relaci\u00f3n comercial, durante los a\u00f1os necesarios para cumplir con las obligaciones legales o hasta que el interesado solicite su supresi\u00f3n.<\/span><\/p><p class=\"p2\"><span class=\"s1\"><strong>Legitimaci\u00f3n:<\/strong><\/span><\/p><p class=\"p1\"><span class=\"s1\">Los Datos de car\u00e1cter personal obtenidos en esta p\u00e1gina web, as\u00ed como la oferta de productos y servicios ofrecidos, est\u00e1 basada en el consentimiento que se le solicita al interesado.<\/span><\/p><p class=\"p1\"><span class=\"s1\">El interesado tendr\u00e1 derecho a retirar su consentimiento en cualquier momento. La retirada del consentimiento no afectar\u00e1 la licitud del tratamiento basada en el consentimiento previo a su retirada.<\/span><\/p><p class=\"p2\"><span class=\"s1\"><strong>Destinatarios:<\/strong><\/span><\/p><p class=\"p1\"><span class=\"s1\">No se ceder\u00e1n datos a terceros, excepto obligaci\u00f3n legal.<\/span><\/p><p class=\"p2\"><span class=\"s1\"><strong>Derechos:<\/strong><\/span><\/p><p class=\"p1\"><span class=\"s1\">Usted como interesado directo, tiene derecho a obtener confirmaci\u00f3n sobre si en <strong>Espai de l\u2019estudi formaci\u00f3n S.L.<\/strong> estamos tratando datos personales que le conciernen, o no. Usted tiene derecho a acceder a sus datos personales, as\u00ed como a solicitar la rectificaci\u00f3n de los datos inexactos o, si procede, a solicitar su supresi\u00f3n cuando, entre otros motivos, los datos ya no sean necesarios para los fines que fueron recogidos. En determinadas circunstancias, usted podr\u00e1 solicitar la limitaci\u00f3n del tratamiento de sus datos, en este caso \u00fanicamente los conservaremos para el ejercicio o la defensa de reclamaciones.<\/span><\/p><p class=\"p1\"><span class=\"s1\">En determinadas circunstancias y por motivos relacionados con su situaci\u00f3n particular, usted podr\u00e1 oponerse al tratamiento de sus datos. <strong>Espai de l\u2019estudi formaci\u00f3n S.L.<\/strong> dejar\u00e1 de tratar los datos, excepto por motivos leg\u00edtimos imperiosos, o el ejercicio o la defensa de posibles reclamaciones.<\/span><\/p><p class=\"p1\"><span class=\"s1\">En determinadas circunstancias, usted tendr\u00e1 derecho a recibir los datos personales que le incumben y que nos haya facilitado, y transmitirlos o solicitar que los proporcionemos a un tercero sin objeci\u00f3n por nuestra parte (derecho a la portabilidad de datos).<\/span><\/p><p class=\"p1\"><span class=\"s1\">En determinadas circunstancias, le informamos que tiene derecho a no ser objeto de una decisi\u00f3n basada \u00fanicamente en el tratamiento automatizado, incluida la elaboraci\u00f3n de perfiles, que produzca efectos jur\u00eddicos sobre usted o le afecte significativamente de manera similar.<\/span><\/p>\t\t\t\t\t\t\t\t<\/div>\n\t\t\t\t<\/div>\n\t\t\t\t\t<\/div>\n\t\t\t\t<\/div>\n\t\t\t\t<\/div>\n\t\t","protected":false},"excerpt":{"rendered":"<p>Pol\u00edtica de privacidad Seg\u00fan lo que establece el RGPD (Reglamento (UE) 2016\/679), les proporcionamos la Informaci\u00f3n detallada de Protecci\u00f3n de Datos que se expone a continuaci\u00f3n: Responsable: Raz\u00f3n Social: Espai de l\u2019estudi formaci\u00f3n S.L. C.I.F.: B65431561 Direcci\u00f3n: Carrer de l\u2019Or, 31. 08012 Barcelona tel\u00e9fono: 935 044 495 Correo Electr\u00f3nico: info@espaidelestudi.com Finalidad: Le informamos que los [&hellip;]<\/p>\n","protected":false},"author":1,"featured_media":0,"parent":0,"menu_order":0,"comment_status":"closed","ping_status":"closed","template":"","meta":{"_seopress_robots_primary_cat":"","_seopress_titles_title":"","_seopress_titles_desc":"","_seopress_robots_index":"","footnotes":""},"class_list":["post-430","page","type-page","status-publish","hentry"],"_links":{"self":[{"href":"https:\/\/espaidelestudi.com\/es\/wp-json\/wp\/v2\/pages\/430","targetHints":{"allow":["GET"]}}],"collection":[{"href":"https:\/\/espaidelestudi.com\/es\/wp-json\/wp\/v2\/pages"}],"about":[{"href":"https:\/\/espaidelestudi.com\/es\/wp-json\/wp\/v2\/types\/page"}],"author":[{"embeddable":true,"href":"https:\/\/espaidelestudi.com\/es\/wp-json\/wp\/v2\/users\/1"}],"replies":[{"embeddable":true,"href":"https:\/\/espaidelestudi.com\/es\/wp-json\/wp\/v2\/comments?post=430"}],"version-history":[{"count":0,"href":"https:\/\/espaidelestudi.com\/es\/wp-json\/wp\/v2\/pages\/430\/revisions"}],"wp:attachment":[{"href":"https:\/\/espaidelestudi.com\/es\/wp-json\/wp\/v2\/media?parent=430"}],"curies":[{"name":"wp","href":"https:\/\/api.w.org\/{rel}","templated":true}]}}

Política de Privacidad

<div data-elementor-type="wp-page" data-elementor-id="430" class="elementor elementor-430 elementor-113" data-elementor-post-type="page">
				<div class="elementor-element elementor-element-917ec05 e-flex e-con-boxed e-con e-parent" data-id="917ec05" data-element_type="container" data-e-type="container" data-settings="{&quot;background_background&quot;:&quot;classic&quot;,&quot;shape_divider_bottom&quot;:&quot;split&quot;}">
					<div class="e-con-inner">
				<div class="elementor-shape elementor-shape-bottom" aria-hidden="true" data-negative="false">
			<svg xmlns="http://www.w3.org/2000/svg" viewBox="0 0 1000 20" preserveAspectRatio="none">
	<path class="elementor-shape-fill" d="M0,0v3c0,0,393.8,0,483.4,0c9.2,0,16.6,7.4,16.6,16.6c0-9.1,7.4-16.6,16.6-16.6C606.2,3,1000,3,1000,3V0H0z"/>
</svg>		</div>
				<div class="elementor-element elementor-element-3b130e2 elementor-widget-mobile__width-inherit elementor-widget elementor-widget-heading" data-id="3b130e2" data-element_type="widget" data-e-type="widget" data-widget_type="heading.default">
				<div class="elementor-widget-container">
					<h2 class="elementor-heading-title elementor-size-default">Política de Privacidad</h2>				</div>
				</div>
					</div>
				</div>
		<div class="elementor-element elementor-element-ac92521 e-flex e-con-boxed e-con e-parent" data-id="ac92521" data-element_type="container" data-e-type="container">
					<div class="e-con-inner">
				<div class="elementor-element elementor-element-138c4cf elementor-widget elementor-widget-text-editor" data-id="138c4cf" data-element_type="widget" data-e-type="widget" data-widget_type="text-editor.default">
				<div class="elementor-widget-container">
									<h2>Política de privacidad</h2><p class="p1"><span class="s1">Según lo que establece el RGPD (Reglamento (UE) 2016/679), les proporcionamos la Información detallada de Protección de Datos que se expone a continuación:</span></p><p class="p2"><span class="s1"><strong>Responsable:</strong></span></p><p class="p3"><span class="s1"> Razón Social: Espai de l’estudi formación S.L.</span></p><p class="p3"><span class="s1"> C.I.F.: B65431561</span></p><p class="p3"><span class="s1"> Dirección: <a href="https://g.page/espai-de-l-estudi?share"><span style="color: #008080;">Carrer de l’Or, 31. 08012 Barcelona</span></a></span></p><p class="p3"><span class="s1"> teléfono: <a href="http://935 044 495"><span style="color: #008080;">935 044 495</span></a></span></p><p class="p4"><span class="s1"> Correo Electrónico: <span id="correuEnc_4e1b51b1f23cfca480848"><a href="mailto:info@espaidelestudi.com"><span style="color: #008080;">info@espaidelestudi.com</span></a></span></span></p><p class="p2"><span class="s1"><strong>Finalidad:</strong></span></p><p class="p1"><span class="s1">Le informamos que los datos de carácter personal recogidos, serán incorporados a un fichero bajo nuestra responsabilidad, con la finalidad de gestionar el envío de la información que nos soliciten y facilitar a los interesados ofertas de servicios de su interés. Los datos proporcionados se conservarán mientras se mantenga la relación comercial, durante los años necesarios para cumplir con las obligaciones legales o hasta que el interesado solicite su supresión.</span></p><p class="p2"><span class="s1"><strong>Legitimación:</strong></span></p><p class="p1"><span class="s1">Los Datos de carácter personal obtenidos en esta página web, así como la oferta de productos y servicios ofrecidos, está basada en el consentimiento que se le solicita al interesado.</span></p><p class="p1"><span class="s1">El interesado tendrá derecho a retirar su consentimiento en cualquier momento. La retirada del consentimiento no afectará la licitud del tratamiento basada en el consentimiento previo a su retirada.</span></p><p class="p2"><span class="s1"><strong>Destinatarios:</strong></span></p><p class="p1"><span class="s1">No se cederán datos a terceros, excepto obligación legal.</span></p><p class="p2"><span class="s1"><strong>Derechos:</strong></span></p><p class="p1"><span class="s1">Usted como interesado directo, tiene derecho a obtener confirmación sobre si en <strong>Espai de l’estudi formación S.L.</strong> estamos tratando datos personales que le conciernen, o no. Usted tiene derecho a acceder a sus datos personales, así como a solicitar la rectificación de los datos inexactos o, si procede, a solicitar su supresión cuando, entre otros motivos, los datos ya no sean necesarios para los fines que fueron recogidos. En determinadas circunstancias, usted podrá solicitar la limitación del tratamiento de sus datos, en este caso únicamente los conservaremos para el ejercicio o la defensa de reclamaciones.</span></p><p class="p1"><span class="s1">En determinadas circunstancias y por motivos relacionados con su situación particular, usted podrá oponerse al tratamiento de sus datos. <strong>Espai de l’estudi formación S.L.</strong> dejará de tratar los datos, excepto por motivos legítimos imperiosos, o el ejercicio o la defensa de posibles reclamaciones.</span></p><p class="p1"><span class="s1">En determinadas circunstancias, usted tendrá derecho a recibir los datos personales que le incumben y que nos haya facilitado, y transmitirlos o solicitar que los proporcionemos a un tercero sin objeción por nuestra parte (derecho a la portabilidad de datos).</span></p><p class="p1"><span class="s1">En determinadas circunstancias, le informamos que tiene derecho a no ser objeto de una decisión basada únicamente en el tratamiento automatizado, incluida la elaboración de perfiles, que produzca efectos jurídicos sobre usted o le afecte significativamente de manera similar.</span></p>								</div>
				</div>
					</div>
				</div>
				</div>

<p>Política de privacidad Según lo que establece el RGPD (Reglamento (UE) 2016/679), les proporcionamos la Información detallada de Protección de Datos que se expone a continuación: Responsable: Razón Social: Espai de l’estudi formación S.L. C.I.F.: B65431561 Dirección: Carrer de l’Or, 31. 08012 Barcelona teléfono: 935 044 495 Correo Electrónico: info@espaidelestudi.com Finalidad: Le informamos que los [&hellip;]</p>
